{"id":3990,"date":"2017-12-11T19:59:11","date_gmt":"2017-12-11T17:59:11","guid":{"rendered":"http:\/\/www.mk-zepfenhan.de\/?page_id=3990"},"modified":"2025-07-21T22:50:07","modified_gmt":"2025-07-21T20:50:07","slug":"beitrittserklaerung","status":"publish","type":"page","link":"http:\/\/www.mk-zepfenhan.de\/?page_id=3990","title":{"rendered":"Mitglied werden"},"content":{"rendered":"<p><span style=\"color: #000000;\">M\u00f6chtest auch Du unseren Verein mit Deiner Person unterst\u00fctzen und uns als passives Mitglied f\u00f6rdern? Dann freuen wir uns darauf von Dir zu h\u00f6ren!<\/span><\/p>\n<p><span style=\"color: #000000;\">F\u00fclle dazu einfach den nachfolgenden Mitgliedsantrag aus und lass uns diesen zukommen.<\/span><\/p>\n<h1><span style=\"color: #0000ff;\"><strong><a style=\"color: #0000ff;\" href=\"http:\/\/www.mk-zepfenhan.de\/wp-content\/uploads\/2017\/12\/Beitrittserkl\u00e4rung-Musikkapelle-Zepfenhan.pdf\" target=\"_blank\" rel=\"noopener\">Formular_Beitrittserkl\u00e4rung.pdf<\/a><\/strong><\/span><\/h1>\n\n\n<p><\/p>\n","protected":false},"excerpt":{"rendered":"<p>M\u00f6chtest auch Du unseren Verein mit Deiner Person unterst\u00fctzen und uns als passives Mitglied f\u00f6rdern? Dann freuen wir uns darauf von Dir zu h\u00f6ren! F\u00fclle dazu einfach den nachfolgenden Mitgliedsantrag aus und lass uns diesen zukommen. Formular_Beitrittserkl\u00e4rung.pdf<\/p>\n","protected":false},"author":18,"featured_media":0,"parent":0,"menu_order":0,"comment_status":"closed","ping_status":"closed","template":"","meta":{"footnotes":""},"class_list":["post-3990","page","type-page","status-publish","hentry"],"_links":{"self":[{"href":"http:\/\/www.mk-zepfenhan.de\/index.php?rest_route=\/wp\/v2\/pages\/3990","targetHints":{"allow":["GET"]}}],"collection":[{"href":"http:\/\/www.mk-zepfenhan.de\/index.php?rest_route=\/wp\/v2\/pages"}],"about":[{"href":"http:\/\/www.mk-zepfenhan.de\/index.php?rest_route=\/wp\/v2\/types\/page"}],"author":[{"embeddable":true,"href":"http:\/\/www.mk-zepfenhan.de\/index.php?rest_route=\/wp\/v2\/users\/18"}],"replies":[{"embeddable":true,"href":"http:\/\/www.mk-zepfenhan.de\/index.php?rest_route=%2Fwp%2Fv2%2Fcomments&post=3990"}],"version-history":[{"count":10,"href":"http:\/\/www.mk-zepfenhan.de\/index.php?rest_route=\/wp\/v2\/pages\/3990\/revisions"}],"predecessor-version":[{"id":4482,"href":"http:\/\/www.mk-zepfenhan.de\/index.php?rest_route=\/wp\/v2\/pages\/3990\/revisions\/4482"}],"wp:attachment":[{"href":"http:\/\/www.mk-zepfenhan.de\/index.php?rest_route=%2Fwp%2Fv2%2Fmedia&parent=3990"}],"curies":[{"name":"wp","href":"https:\/\/api.w.org\/{rel}","templated":true}]}}